, 7
Suppose 8*l - 141 + 613 = 0. Let v = 39 - l. List the prime factors of v.
2, 7
Let n = 17 - -1. What are the prime factors of 6/4 + 405/n?
2, 3
Let f = -8 - -8. Suppose f = n - 2*n. What are the prime factors of (-1 + n)/(2/(-6))?
3
List the prime factors of (-2 - -3)*5 + -46 + 1553.
2, 3, 7
Let g be ((0*2/(-2))/1)/(-3). Suppose -4*a - 4*k + 844 = g, -643 = -4*a + a - 5*k. What are the prime factors of a?
2, 103
Let n be (-33)/(-2 - 35/(-10)). Let b(d) = -d + 20. What are the prime factors of b(n)?
2, 3, 7
Let l = 183 - -104. Let w = l + -115. List the prime factors of w.
2, 43
Let b = 76 - 79. What are the prime factors of (-9 + 162)/(b/(-4))?
2, 3, 17
Let w be 35/(-2) - 4/8. Let n be w*(-1 + -1 + 3). What are the prime factors of (-94)/n + (-8)/36?
5
Let f(y) = y**2. Let q(p) = -6*p**2 - 7*p + 9. Let c(a) = -4*f(a) - q(a). Let s be c(8). Suppose 19*o + s = 24*o. What are the prime factors of o?
5, 7
Suppose -10 = -2*a + 2*t, 5*a - 2*t - 6 - 10 = 0. Suppose x - 5*o + 30 = 156, -4*x + 482 = a*o. What are the prime factors of x?
11
List the prime factors of ((-9)/6)/((-15)/4370).
19, 23
Let m = -132 + 338. Suppose -17*k + m = -15*k. What are the prime factors of k?
103
Suppose 0 = 2*l + 2*m - 660, -l - 2*l = 2*m - 994. Suppose -l = 5*p + j - 1644, 0 = 3*j + 15. List the prime factors of p.
263
Let n = 363 + -238. Let s be -2 + 7 + 4/(-2). Suppose -2*j - s*j = -n. List the prime factors of j.
5
Suppose 5*c = -5*q + 7275, 3*q + 1435 = c + 8*q. List the prime factors of c.
2, 5, 73
Let u be (-33)/(-9) - 6/9. Suppose 0 = 5*w - 4*w. Suppose w = -3*y + u, 4*p + 0*p + 2*y = 58. What are the prime factors of p?
2, 7
Suppose -17 - 8 = -r + 4*z, -4*r - 3*z = -5. Let l(v) = v**3 - 3*v**2 + v + 3. Let m be l(3). Suppose -m*i = -r*i - 7. List the prime factors of i.
7
Let j(i) = -235*i - 14. What are the prime factors of j(-1)?
13, 17
Let r(c) = -c**3 - c**2 - 2. Let l be r(-2). Suppose 7*d - 10 = l*d. Suppose d*i - 2 = i, -w - 3*i + 16 = 0. What are the prime factors of w?
2, 5
Suppose 9*v - 7*v - 1372 = 0. List the prime factors of v.
2, 7
Suppose k - 44 = 5*n + 428, 0 = 3*k - 4*n - 1372. What are the prime factors of k?
2, 113
Let c(r) = -r**3 - 10*r**2 + 35. Let z be c(-11). Let j = z - 100. List the prime factors of j.
2, 7
Let v(r) = -r + 13. Let x be v(13). Suppose x = 3*m - 4*m + 5. Suppose -o - m*c = -4, -6*c + 106 = 4*o - 4*c. List the prime factors of o.
29
Let t = -76 - -86. Suppose -12*l + 350 = -t*l. What are the prime factors of l?
5, 7
Suppose 5*d - 3*f - 3 = 2*d, -3*d = -4*f - 4. Suppose 2*y - 6*y + 132 = d. Suppose i - k - y = 0, 4*k - 18 = -2*i + i. What are the prime factors of i?
2, 3, 5
Suppose 11*l + 70 = 13*l. Let z = 171 - l. What are the prime factors of z?
2, 17
Let w(c) = -21*c**3 + 4*c**2 - 2*c + 3. Let u(k) = -22*k**3 + 3*k**2 - 2*k + 2. Let o(f) = -3*u(f) + 2*w(f). What are the prime factors of o(2)?
2, 3
Suppose 0*w = -4*w + 4*l + 1480, -752 = -2*w + 5*l. List the prime factors of w.
2, 3, 61
Let z(g) = 32*g - 61. What are the prime factors of z(17)?
3, 7, 23
Suppose q - 380 = -3*u - q, 4*u = -5*q + 495. Suppose -u - 110 = -3*c. Let b = -44 + c. What are the prime factors of b?
2, 3
Suppose 0*v = -2*v + t - 8, 16 = -4*v + 4*t. Let k be (15/4)/(v/16). Let n = 19 + k. What are the prime factors of n?
2
Suppose 1032 = 7*g - 5415. List the prime factors of g.
3, 307
Let l = -1 + -1. Let o be (-9)/l - (-6)/(-4). Suppose -3*v + 32 = -0*v + 2*k, -o*v = k - 37. What are the prime factors of v?
2, 7
Let f be 21/14*9*2. Let m = f - -7. List the prime factors of m.
2, 17
Suppose -5*f + 0*n + 1440 = n, -5*n = -4*f + 1181. Let x = -93 + f. Suppose x = 5*l - l. What are the prime factors of l?
7
Let z(w) = 48*w + 47. List the prime factors of z(6).
5, 67
Let p be ((-1 - -1) + -26)*(4 + -5). Let f = p - 7. List the prime factors of f.
19
Let l(t) = t**3 + t**2 - 2*t. Let n be l(3). Let h = 61 - n. List the prime factors of h.
31
Let g(l) = l - 1. Let x be g(5). Let a(m) = m**3 - 5*m**2 + 6*m - 3. Let s be a(x). Suppose s*p - v = 165, -2*v + 17 = p + v. What are the prime factors of p?
2
Suppose -11*p = -6*p. Suppose -h + 4*h + 3 = 0, -2*x + h + 1 = p. Suppose -f - 4*y + 6 + 24 = x, 0 = 4*f - 2*y - 102. What are the prime factors of f?
2, 13
Let w(p) = 24*p**2 + 4*p - 6. What are the prime factors of w(4)?
2, 197
List the prime factors of -6*(1300/(-3))/10.
2, 5, 13
Let t be -2 + 0 + -2 - -6. Suppose 3*g - 264 = 3*q, t*g - 111 - 68 = 5*q. What are the prime factors of g?
3, 29
Suppose 3*z = -z - 4, 4*u + 5*z = -5. Let j(c) = 3*c + 2*c**2 + 3 + c**2 - 5 + u*c**2. What are the prime factors of j(1)?
2
Let m = 589 - 508. List the prime factors of m.
3
What are the prime factors of (1 - -1)/(164/134398)?
11, 149
Suppose -13*p + 17501 - 1836 = 0. List the prime factors of p.
5, 241
Let r(z) = -z**3 - 4*z**2 + 4*z + 4. Let y be r(-4). Let b(q) = q**2 + 11*q - 10. Let f be b(y). Let l = f + 12. List the prime factors of l.
2, 7
Let a(c) = 0*c - 2*c - 2*c**2 + 3 + c**2 + 14*c. What are the prime factors of a(7)?
2, 19
Let r(s) = s**2 - 17*s + 38. Let i be r(14). What are the prime factors of (-130)/(-18) + i*(-3)/(-54)?
7
Let n(b) = b - 9. Let p be n(18). Suppose -p*i + 473 = -76. List the prime factors of i.
61
Suppose -3*b + 5 = -2*l + 2*b, l + 1 = 2*b. Suppose -3*t - 3*c + 339 = 0, 0 = -l*c - 3 - 7. What are the prime factors of t?
5, 23
Let l be 1*(-1)/(-2)*14. Suppose 2*i - l = -1. Let z = i + 15. List the prime factors of z.
2, 3
Suppose -15 = -3*x, -484 = -2*b - b - 2*x. List the prime factors of b.
2, 79
Let g(y) = 57*y**3 - y**2 + 8*y - 3. Let w be g(2). Suppose -5*d - 5*j + w = 0, 742 = 5*d + 3*j + 281. List the prime factors of d.
7, 13
Suppose 13*r - 19*r = -726. List the prime factors of r.
11
Let s be -28 + 1 + (-1)/1. Let f = -285 - -294. Let a = f - s. What are the prime factors of a?
37
Suppose -5*d - 10 = 0, -4*d = 4*p - 9*d - 538. Suppose -30*n = -24*n - p. List the prime factors of n.
2, 11
List the prime factors of 190/50*(691 + 4).
19, 139
Let u(q) = 0 - 3 - q**2 - 6*q + 16*q. Let t be u(11). List the prime factors of 1 + 2 - (1 + t).
2
Let u be (-2)/6 + (-16)/(-3). Suppose 0 = -u*t + 13 + 112. List the prime factors of t.
5
Let n(f) = 188*f**3 - 2*f**2 - 10*f + 23. List the prime factors of n(2).
1499
Suppose 3*q = 4*o - 5, 0 = -9*o + 4*o - 3*q + 13. Suppose 3*h - 25 = -2*j, 3*j - o*j = -5*h + 44. List the prime factors of 137/h - 8/36.
3, 5
Suppose -34632 = -2489*h + 2483*h. What are the prime factors of h?
2, 3, 13, 37
Suppose -2*b + 216 = -r - 3*r, 4*b = 2*r + 108. Let x = 100 + r. List the prime factors of x.
2, 23
Let u(w) = -w**3 + 16*w**2 + 3*w - 38. Let d be u(16). Suppose d*a = 15*a - 485. List the prime factors of a.
97
Suppose 5*g - 4*q = 4*g - 10, g - 5*q + 12 = 0. What are the prime factors of (6/(-9))/(((-16)/(-876))/g)?
73
Let h(t) = 5*t - 21. What are the prime factors of h(7)?
2, 7
Let f = 720 + -1238. What are the prime factors of (-1)/3 - (f/6 + -1)?
3, 29
Let a(f) = -136*f + 28. List the prime factors of a(-2).
2, 3, 5
Suppose 10*b - 1070 = -210. List the prime factors of b.
2, 43
Let f be (4/5)/(2/(-5)). What are the prime factors of -3 + 110 + (f - 0) + 1?
2, 53
Suppose -3*z - 53 - 4 = 0. Let w = z - -46. List the prime factors of w.
3
Suppose 3*y + 22 = 3*o - 2, 2*o - 5*y = 31. Suppose v = i - 2*i + 188, 0 = -o*i - 2*v + 561. What are the prime factors of i?
5, 37
Let u(r) = 5*r**2 - 23*r + 1. List the prime factors of u(15).
11, 71
Let t = 11 - 7. List the prime factors of 1*t/(-1) - -36.
2
List the prime factors of (-7)/2*13450/(-35).
5, 269
Suppose -12*k + 9*k + 228 = 0. Suppose k = -36*i + 40*i. List the prime factors of i.
19
Let m(f) = -573*f**3 - 3*f**2 + 2. What are the prime factors of m(-1)?
2, 11, 13
Let r = 51 + -48. What are the prime factors of (1*4/r)/(1/12)?
2
Suppose 0 = 8*c - 6*c + 28. Let x = -7 - c. Let v = 9 - x. What are the prime factors of v?
2
Suppose -2*z = -m - 0*m - 19, 2*m + 11 = -5*z. Let u = m + 5. List the prime factors of 6/u + 6024/96.
2, 31
Let k be (-13)/(13/(-30)) - 4. What are the prime factors of 1980/k + (-20)/130?
2, 19
Let n(j) = 2*j**2 + 4*j + 2. Let w be n(-2). Suppose 4*m - 206 = -4*z + w*m, -z = -4*m - 65. List the prime factors of z.
53
Let d = -316